 -2 - ((-1 - 10) + x).
11
Let o = 6 - 1. Let z = 7 - o. Suppose -3*w = z*w - 60. List the prime factors of w.
2, 3
Let k(q) = 7*q**2 - 2*q. Let m be k(-4). Suppose -4*c = -2*p - m, 27 = c - 2*p - 0*p. List the prime factors of c.
31
Suppose 0*o + 5*o = 30. Let x = o - -25. What are the prime factors of x?
31
Let y(v) = v**2 - v - 3. Let a be y(3). Suppose -5*o - a*x + x + 290 = 0, -5*x = -25. Suppose 4*h - o = -0*h. List the prime factors of h.
2, 7
Suppose -5*i + 16 = 1. Suppose -i*b = -27 - 9. What are the prime factors of b?
2, 3
Suppose n + n + h = -16, 4*h = -4*n - 24. Suppose -9*j + 5*j - 68 = 0. Let l = n - j. List the prime factors of l.
7
Let c = -6 + 8. Suppose -r = -3*r. Suppose r = -2*y - c*y + 8. What are the prime factors of y?
2
Let j(c) = 0 + 9*c**3 + 1 - 3*c**3. Suppose -6*a + 2 = -4*a. What are the prime factors of j(a)?
7
Let p = 9 + -6. Suppose 18 = w + p*k, 0*k - 3 = -w + 2*k. Suppose -3*d + 9 = -5*o - w, -2*d - 5*o + 12 = 0. What are the prime factors of d?
2, 3
Let l be (102/24)/(1/4). Suppose -3*x = 4*b - l, 2*x - 5*b = x - 7. Suppose -p + 3 = -x. What are the prime factors of p?
2, 3
Let z be 1/(-2)*(-1 - 1). Let g = 22 + -25. What are the prime factors of g*((-2)/2 - z)?
2, 3
Let i(j) = j**2 + 5*j. Suppose 0 = -3*w - 9 + 21. Let z be (-22)/w - 2/4. What are the prime factors of i(z)?
2, 3
Let j(m) = -3*m. Let y be j(-1). Suppose y*w - 38 = -w + 2*c, -13 = -2*w - c. List the prime factors of w.
2
Suppose 2*s - l = 2*l + 2, 3*s + 4*l + 14 = 0. Let m be (-10)/15*9/s. What are the prime factors of m/12 - 51/(-4)?
13
Suppose -5*g = -2*x + x - 11, 3*g - 2*x = 1. Suppose 4*b - 5*u - 93 - 110 = 0, -144 = -g*b + u. List the prime factors of b.
47
Suppose -32 = -3*v + 88. Suppose -2*j - v = -6*j. List the prime factors of j.
2, 5
Let c(u) = -u - 11. Let n be c(-11). Let s = 11 - n. What are the prime factors of s?
11
Suppose -4*i = 3*s - 26 - 123, 5*i - 187 = -3*s. What are the prime factors of i?
2, 19
Suppose 3*x - 20 - 16 = 0. What are the prime factors of x?
2, 3
Let x(a) = a**2 - 2*a - 8. Let s be x(10). Suppose 0 = -4*m + s + 112. What are the prime factors of m?
2, 23
Let q = 51 - 11. List the prime factors of q.
2, 5
Let q(m) = m - 3. Let j be q(4). What are the prime factors of (j/(-2) - 2)*-2?
5
Let d(t) = -t - 11. Let b be d(-6). Let m(u) = -u**2 - 7*u - 6. Let h be m(b). Suppose -4*j + 5*i - 2 = -47, -4*j = h*i - 36. What are the prime factors of j?
2, 5
Suppose -6*u + 16 = 10. Suppose -25 - 3 = -2*t. Suppose 5*p + u = -4*i, -p + 5*p = -i - t. List the prime factors of i.
2, 3
Suppose 0 = x - 5, -5*j + 5*x - 6 = 4. Let p = j + -2. Suppose 2*d = 5 + p. List the prime factors of d.
3
Let j be 0 - 4/(4/(-5)). Suppose r - 5*v - 31 = 0, -5*r + j*v = -r - 79. Let i = r + -7. List the prime factors of i.
3
Suppose -3*g + 349 - 67 = 0. List the prime factors of g.
2, 47
Let q(h) be the second derivative of -h**4/12 + h**3/2 + 3*h**2/2 - h. Let i be q(4). What are the prime factors of (-2*14/4)/i?
7
Let c(s) = s**2 - 8*s + 6. Suppose -2*v = -8 - 8. What are the prime factors of c(v)?
2, 3
What are the prime factors of -46*(36/8)/(-9)?
23
Suppose -3 = -2*f - 45. What are the prime factors of ((-4)/(-3))/((-2)/f)?
2, 7
Let k(l) = -3*l**3 - 12*l**2 + 26*l - 6. Let h(y) = -y**3 - 4*y**2 + 9*y - 2. Let x(d) = 17*h(d) - 6*k(d). What are the prime factors of x(-3)?
2, 5
Let j(m) = -8*m**3 - m. List the prime factors of j(-1).
3
Let p(c) = 22*c - 1. Let q be p(2). Let g = q + -25. Suppose 3*s - 6*s + g = 0. List the prime factors of s.
2, 3
Let t = 7 + -3. Suppose 2*j = -2*j + t. List the prime factors of 18/4*j*2.
3
Let x(u) = -u**3 - 3*u**2 - u + 2. Let a be x(-3). Suppose 0 = 2*h + 2*d - 26, 3*h + 2*d = a*d + 21. What are the prime factors of ((-12)/h)/(-3)*25?
2, 5
Suppose 3*y - 183 = -a - 30, -y + 5*a + 67 = 0. What are the prime factors of y?
2, 13
Suppose 35 = 2*z - 39. List the prime factors of z.
37
Let n(c) be the second derivative of -c**5/20 + 5*c**4/12 + c**3/2 + 3*c**2/2 + 2*c. Let h be n(5). What are the prime factors of h/15*(-10)/(-4)?
3
Let x(o) = -o + 9. Let r(q) = 2*q - 18. Let v(y) = 2*r(y) + 5*x(y). List the prime factors of v(6).
3
List the prime factors of (-4)/20*2 + 1444/10.
2, 3
Let i = 1 - -4. Suppose 35 = i*z - 45. What are the prime factors of z?
2
Let g(b) = -b**2 - 8. Let d be g(0). Let r = d - 0. List the prime factors of r/(-1)*(-7)/(-14).
2
Suppose 0 = 5*l - l - 4, 2*h + 2*l = -4. Let y be (-1)/h + 28/6. Suppose -10 = -5*g - 5*w - y, 4*g + 2*w - 8 = 0. What are the prime factors of g?
3
List the prime factors of 0 + 1 - 198/(-22).
2, 5
Let p(x) = 5*x + 1. Let l be 5/2*(-42)/(-15). What are the prime factors of p(l)?
2, 3
Let t(u) = 8*u**2 - 2*u - 2. What are the prime factors of t(2)?
2, 13
Suppose a = -3*a - 8. List the prime factors of (-18)/a - (-4 - -7).
2, 3
Let n = -32 - -17. List the prime factors of (-2)/(-10) - 72/n.
5
Suppose 3*p - 1 = 5. Let z be (-105)/(-2) - 4/(-8). Suppose 2*r - z = -3*w, -p = -2*w - r + 33. List the prime factors of w.
17
Let y(h) = h + 7. Let x be y(-7). Suppose x*a = -3*a + 33. List the prime factors of a.
11
Let p(t) be the first derivative of t**2/2 + 22*t - 4. List the prime factors of p(-12).
2, 5
Suppose -3*j = -0*j - 5*f - 64, 3*f = j - 28. List the prime factors of j.
13
Suppose 25*y + 180 = 29*y. List the prime factors of y.
3, 5
Let t be (3*-4)/4*-37. Suppose 0*g + t = 5*g - 3*p, -p + 27 = g. List the prime factors of g.
2, 3
Let s = 10 + 27. List the prime factors of s.
37
Let i(j) = -3*j**3 + 4*j**2 + 4*j + 5. Let n(d) = d**2 + d + 1. Let b(q) = i(q) - 5*n(q). Let x = -2 + 1. List the prime factors of b(x).
3
Suppose 0 = -5*t + 8 + 2. Suppose 0 = -b + 5*n + 41, 0*n + 46 = 2*b + t*n. What are the prime factors of b?
2, 13
Let w(l) = 4*l + 1. List the prime factors of w(7).
29
Suppose -3 + 18 = 3*q. Suppose -4*f + 4*m + 19 + 21 = 0, -q*m + 13 = 2*f. What are the prime factors of f + 3/(-3) - -2?
2, 5
Suppose -4*c - 3*w + 14 = 0, -w - 9 + 2 = -c. Suppose -29 = -4*h + 5*y - 2, y = -c*h + 12. What are the prime factors of 10/(3/(9/h))?
2, 5
Suppose 4*b - 2 = 10. Suppose -r + 1 = -4. Suppose -4*a + 18 = b*l, a + r*l + 4 = -0*a. List the prime factors of a.
2, 3
Let y = 49 + -17. List the prime factors of y.
2
Let q be (-78)/30 + 4/(-10). Let v be (-14)/q + (-6)/9. Suppose 4*f - 68 = 4*y, 3*f + 30 = -v*y + 95. What are the prime factors of f?
19
Suppose -2*r = 4*n - 2, 7*r = -4*n + 2*r + 17. Let b = 7 + n. List the prime factors of b.
5
Suppose -4*g = 9 + 15. What are the prime factors of g/((-7)/2 + 2)?
2
Let t(m) be the first derivative of -2 + 0*m - 4/3*m**3 - 2*m**2 + 1/4*m**4. List the prime factors of t(5).
5
Let d(s) = 0*s**2 + 0*s + 2*s - 6 - 4*s**2 + s**3. Let u be d(4). Suppose 0 = j - n, -2*j + n + u*n = 2. What are the prime factors of j?
2
Let t be (35/(-21))/(2/(-6)). Let v = t - 0. What are the prime factors of v?
5
Let w be (-2)/(-1 - 3 - -3). Suppose 2*q = -0*q + w. Let f(m) = 14*m**2 - 2*m + 1. What are the prime factors of f(q)?
13
Let b(f) be the second derivative of -f**4/12 - 3*f**3/2 - 3*f**2 - 2*f. List the prime factors of b(-8).
2
Suppose -2*b - 68 = -6*b. Let z = b + -5. List the prime factors of z.
2, 3
Suppose 2*v + 5*t + 27 = 0, -2*v = -5*v - 2*t - 13. Let x = v + 8. What are the prime factors of x?
7
Suppose -s - 48 = -78. What are the prime factors of s?
2, 3, 5
List the prime factors of 4 - (-101)/2 - (-1)/2.
5, 11
Let b = -3 + 9. Suppose -2*y + 3*y - b = 0. What are the prime factors of y?
2, 3
Let i be (-3)/(12/(-10))*18. Let n = i + -14. What are the prime factors of n?
31
Suppose -2*j = 2*j. Let b = 4 - j. Suppose 0 = -f + 2*f - b. List the prime factors of f.
2
Let f = -3 + 2. Let d be 0/(1 - f) + 63. Suppose -d + 8 = -5*r. What are the prime factors of r?
11
Let j = -19 + 61. Let f(p) = p**3 - 4*p**2 + 4. Let q be f(5). Let z = j - q. List the prime factors of z.
13
Suppose 2*f + 19 - 85 = 0. Suppose -2*j = -o - f, 3*o + 23 = 2*j - 16. List the prime factors of j.
3, 5
Suppose -4*f + 345 = 5*u + 24, 4*f - 291 = u. What are the prime factors of f?
2, 37
Suppose -382 = -4*f + 526. List the prime factors of f.
227
What are the prime factors of (5 - 270)*(-1)/5?
53
Let d(x) = x. Let a(w) = 8*w + 1. Let q(o) = -a(o) + 5*d(